Let w(v) = v**3 - 40*v**2 + 810*v - 4038. Calculate w(7).
15
Let p(s) = -91053*s + 78123472. What is p(858)?
-2
Let i(q) = -2*q**3 + 56*q**2 + 59*q - 4918. Determine i(25).
307
Let j(d) = d**3 + 77*d**2 + 744*d - 10. Give j(-7).
-1788
Let o(l) = -38*l**2 + 213*l + 744. Determine o(8).
16
Let g(v) = -v**3 - 662*v**2 - 1991*v - 9221. Give g(-659).
5
Let n(h) = 3*h**3 - 75087*h - 75088. What is n(-1)?
-4
Let v(a) = 191*a + 34938. Determine v(-180).
558
Let o(n) = -2*n - 146. What is o(3)?
-152
Let d(b) = -12*b**2 + 2508*b - 111411. What is d(64)?
-51
Let p(r) = 23*r + 1459. What is p(-50)?
309
Let g(o) = -o**2 + 1819*o + 38695. What is g(-21)?
55
Let p(z) = -357*z - 8771. Determine p(-25).
154
Let z(q) = 2*q**2 + 214*q - 3921. Determine z(-104).
-4545
Let x(t) = -2447*t - 51548. What is x(-21)?
-161
Let n(m) = -m**2 + 103*m + 6934. Determine n(156).
-1334
Let j(t) = -789*t + 396. Calculate j(2).
-1182
Let x(s) = s**3 - 27*s**2 - s + 597. What is x(0)?
597
Let c(f) = 2*f**3 + 23*f**2 - 771*f - 4166. Give c(-24).
-62
Let l(o) = -8*o**2 + 180*o + 48. Determine l(26).
-680
Let b(g) = 104*g**2 - 806*g + 578. Give b(7).
32
Let y(c) = 42*c**2 + 303*c - 905. What is y(3)?
382
Let c(u) = u**3 + 261*u**2 + 1813*u + 335373. Determine c(-259).
-32
Let f(c) = -41*c**2 + 203*c + 1222. Calculate f(-6).
-1472
Let x(j) = 72*j - 6734. What is x(80)?
-974
Let s(d) = 23*d**2 + 7*d - 160. What is s(-3)?
26
Let r(z) = 31743*z**2 + 4031364*z + 384. Calculate r(-127).
3
Let r(x) = x**3 + 78*x**2 - 920*x - 1963. Give r(12).
-43
Let q(g) = -3*g**2 - 815*g - 49049. Give q(-90).
1
Let n(x) = -2*x**3 + 550*x**2 - 3745*x - 1864. What is n(268)?
12
Let w(o) = -o**3 - 197*o**2 + 2573*o + 13661. Give w(-209).
76
Let c(g) = -2815*g + 24841. Determine c(9).
-494
Let d(w) = 1374*w - 59114. Determine d(43).
-32
Let j(c) = -5494*c - 3353. Give j(-1).
2141
Let t(q) = 54*q**2 - 404*q - 741. What is t(9)?
-3
Let x(f) = -30*f**2 + 160*f + 2035. Give x(-6).
-5
Let g(c) = -44*c**2 + 6373*c + 722. What is g(145)?
-293
Let r(s) = -4*s**3 + 235*s**2 + 1616*s - 165. Give r(65).
-750
Let d(m) = -372*m**2 - 1395*m + 167. Determine d(-6).
-4855
Let t(k) = 254*k**2 + 113*k + 108. What is t(-1)?
249
Let t(v) = 12*v**2 + 13068*v - 430469. What is t(-1121)?
-5
Let j(h) = -110*h**3 + 550*h**2 - 50*h + 275. Determine j(5).
25
Let f(m) = -28310*m + 84935. Determine f(3).
5
Let h(c) = -60067*c - 3724160. What is h(-62)?
-6
Let j(m) = -61*m**2 + 190*m + 220. What is j(5)?
-355
Let k(s) = -845464*s - 18600206. Calculate k(-22).
2
Let u(y) = -109*y**2 + 1560*y + 7980. Calculate u(-4).
-4
Let z(a) = -7*a**2 + 1452*a + 1119. Determine z(208).
287
Let x(j) = -j**2 - 473*j - 49198. What is x(-154)?
-72
Let o(t) = -2*t**2 + 281*t + 4658. Determine o(-15).
-7
Let k(r) = -5*r**2 - 6053*r - 714717. What is k(-1078)?
-3
Let d(r) = -2084*r + 9690. Determine d(5).
-730
Let a(q) = -q**3 + q**2 + 66*q - 772. What is a(0)?
-772
Let x(f) = 10946*f - 4159483. What is x(380)?
-3
Let b(y) = -y**3 - 21*y**2 - 112*y + 74. Calculate b(-11).
96
Let l(w) = -3168*w + 3335904. Give l(1053).
0
Let b(l) = -l**3 + 3077*l**2 - 15367*l - 19. Calculate b(5).
-54
Let l(k) = -k**3 + 182*k**2 - 178*k - 847. Determine l(181).
-304
Let x(o) = 14*o**3 + 372*o**2 + 693*o + 2. Determine x(-2).
-8
Let d(y) = 3*y**2 + 1144*y - 3452. What is d(3)?
7
Let k(c) = 2*c**2 + 399*c + 13233. Determine k(-41).
236
Let z(h) = 2*h**3 - 16*h**2 - 149*h + 1354. What is z(9)?
175
Let j(m) = 1237*m + 118323. What is j(-96)?
-429
Let r(y) = 364*y**2 - 3329*y + 600. Determine r(9).
123
Let h(y) = 34*y**2 + 1963*y + 19777. Calculate h(-13).
4
Let r(w) = -2*w**3 + 133*w**2 + 693*w - 10. Calculate r(-5).
100
Let s(i) = -52*i**2 + 1224*i - 1004. Give s(23).
-360
Let u(q) = -q**3 + 210*q**2 + 11475*q + 11. What is u(255)?
11
Let o(g) = -797*g - 347. Determine o(0).
-347
Let f(g) = -12303*g + 172272. What is f(14)?
30
Let f(g) = 2*g**3 + 28*g**2 - 74*g + 463. What is f(-17)?
-13
Let v(n) = n**2 + 150*n + 1780. Give v(-137).
-1
Let x(y) = -89*y**3 + 359*y**2 - 148*y + 581. Calculate x(4).
37
Let v(g) = 13*g**2 - 1435*g + 6805. Calculate v(5).
-45
Let l(j) = -3059*j - 214149. Give l(-70).
-19
Let y(b) = 7227*b + 51221. What is y(-7)?
632
Let p(x) = 31*x**2 + 107*x - 1073. Give p(9).
2401
Let d(x) = 114835*x + 1263193. Give d(-11).
8
Let c(n) = -2*n**3 + 58*n**2 - 372*n - 55. Calculate c(7).
-503
Let w(g) = -1824*g - 10911. Determine w(-6).
33
Let v(q) = -q**2 + 123*q - 374. Determine v(131).
-1422
Let t(d) = -158*d + 52686. Calculate t(338).
-718
Let v(m) = m**3 + 157*m**2 + 1331*m - 77907. What is v(-144)?
-3
Let m(t) = -t**3 - 23*t**2 + 662*t + 7915. Calculate m(-10).
-5
Let j(r) = 3*r**3 - 2*r**2 + 27*r - 27. Give j(1).
1
Let y(n) = 81129*n + 324529. Determine y(-4).
13
Let j(h) = 3*h**3 + 3*h**2 + 4*h. Determine j(4).
256
Let y(r) = 24*r**2 - 104*r + 516. Calculate y(9).
1524
Let t(o) = o**3 - 149*o**2 + 84*o - 12932. Calculate t(149).
-416
Let t(x) = 5*x**3 - 43*x**2 - 11*x + 576. Calculate t(6).
42
Let o(h) = -2894*h + 879758. Calculate o(304).
-18
Let m(v) = -63*v**2 - 7798*v - 424. Give m(-124).
-2160
Let j(y) = -43263*y - 302845. Give j(-7).
-4
Let n(q) = -3290*q + 14415. Determine n(4).
1255
Let l(u) = u**3 - 26*u**2 - 13987*u + 616. Give l(-106).
86
Let l(j) = j**3 + 130*j**2 + 4*j + 2057. Determine l(-130).
1537
Let o(f) = 22*f**3 + 106*f**2 + 3*f + 131. What is o(-5)?
16
Let r(d) = 62*d**2 + 83*d + 80. Determine r(-5).
1215
Let z(m) = -m**3 - 2*m**2 + 53977*m - 53974. Determine z(1).
0
Let q(u) = u**3 + 51*u**2 - 309*u - 1957. Give q(-56).
-333
Let g(k) = -2*k**3 - 29*k**2 - 64*k + 84. Give g(-4).
4
Let p(l) = -l**3 + 119*l**2 - 438*l + 10215. Give p(116).
-225
Let u(c) = 456*c - 18512. What is u(42)?
640
Let y(a) = -14244*a - 214172. Give y(-15).
-512
Let s(z) = 3611*z**2 - 429711*z + 237. Calculate s(119).
-1
Let t(r) = 7375*r - 26. Give t(0).
-26
Let u(a) = 128290*a + 128233. Calculate u(-1).
-57
Let x(q) = -133*q + 9617. Give x(71).
174
Let z(s) = -s**3 + 250*s**2 - 4462*s - 46. Calculate z(19).
-1433
Let o(p) = 1346*p**2 - 2984080*p - 4428. What is o(2217)?
6
Let a(j) = -j**2 + 38532*j - 269680. Calculate a(7).
-5
Let k(x) = x**3 - 53*x**2 + 156*x + 125. What is k(50)?
425
Let u(j) = 1675*j - 437172. Determine u(261).
3
Let l(h) = -506*h - 23494. What is l(-46)?
-218
Let m(r) = r**3 + 204*r**2 - 3456*r - 1057. Determine m(16).
-33
Let w(q) = 43*q - 1898. Determine w(37).
-307
Let j(t) = t**3 - 77*t**2 + 26*t - 2009. Calculate j(77).
-7
Let o(l) = l**3 - 28*l**2 - 64*l + 1810. Determine o(28).
18
Let m(p) = -71*p**2 - 1014*p - 190. Determine m(-14).
90
Let c(k) = 2*k**3 + 35*k**2 + 11*k - 44. Calculate c(-17).
58
Let y(x) = -x**2 + 1453*x - 78236. Calculate y(56).
-4
Let u(s) = 4137*s**2 - 33260*s + 1306. Calculate u(8).
-6
Let x(j) = j**3 - 1457*j**2 + 8747*j - 153. Determine x(6).
93
Let k(y) = -37270*y - 1751662. What is k(-47)?
28
Let m(f) = 307*f + 7398. Give m(-24).
30
Let w(n) = -n**3 - 87*n**2 + 2016*n + 222. What is w(-106)?
10
Let n(f) = 332440*f + 2991966. Determine n(-9).
6
Let m(d) = -d**2 + 235*d + 59908. What is m(-154)?
2
Let t(m) = 19*m**3 - 116*m**2 + 170*m - 53. What is t(1)?
20
Let b(l) = 195*l**2 + 1632*l + 1873. What is b(-7)?
4
Let q(c) = -c**3 - 87*c**2 + 26*c - 5448. What is q(-88)?
8
Let g(i) = -i**3 - 44*i**2 - 251*i + 196. Determine g(-37).
-100
Let u(i) = -140017*i + 2100230. Calculate u(15).
-25
Let w(h) = -23*h**3 + h**2 - 68*h - 149. Calculate w(-2).
175
Let o(t) = 2914*t - 358484. What is o(123)?
-62
Let x(v) = v**3 + 149*v**2 - v - 22065. Determine x(-148).
-13
Let o(n) = n**3 + 13*n**2 + 460*n - 1519. What is o(3)?
5
Let b(a) = -1604*a - 37553. What is b(-23)?
-661
Let u(z) = -70839*z - 566518. Calculate u(-8).
194
Let x(c) = -c**3 - 30*c**2 + 144*c + 2423. Determine x(-32).
-137
Let s(r) = 2*r**3 + 45*r**2 + 295*r - 2. Calculate s(-6).
-584
Let b(q) = -61*q + 775. Determine b(-7).
1202
Let t(c) = 2638264*c - 13191286. Determine t(5).
34
Let w(k) = -k**3 + 257*k**2 + 10216*k + 1511. What is w(292)?
343
Let j(q) = q**3 - 81*q**2 - 353*q + 779. What is j(85)?
-326
Let b(x) = 93*x**2 - 5521*x + 2006. Determine b(59).
0
Let z(b) = -7*b**3 + 102*b**2 + 87*b - 658. Calculate z(15).
-28
Let d(x) = 12*x**2 - 257*x - 9222. Gi